ose 0 = 5*d - f - 23, 2*f - 14 = 7*d - 12*d. Let l(i) = -i**2 - 17*i - 16. What is the remainder when l(-15) is divided by d?
2
Suppose 2*n - 117 = -113, -3*n + 2288 = 2*d. What is the remainder when d is divided by 44?
41
Let j = 4191 + -4139. Let q(w) = -2*w - 17. What is the remainder when j is divided by q(-13)?
7
Suppose -260821 - 184109 = -162*o + 137298. What is the remainder when o is divided by 58?
56
Calculate the remainder when ((-3)/((-45)/40) + -3)*-4197 is divided by 78.
73
What is the remainder when (21/105)/(15/50) + 3180/9 is divided by (-6)/39 + 524/26?
14
Suppose 61 = 2*n - 49. Suppose 38 = -53*r + n*r + 5*q, -3*q + 18 = r. Calculate the remainder when 69 is divided by r.
21
Suppose -a = -1, 4*s - 13*a + 5 = -12*a. What is the remainder when (-4*957/88)/(s/4) is divided by 25?
24
Let x = -3638 - -3662. Calculate the remainder when 34 is divided by x.
10
Let g be (19/(-57))/(1/(-657)). Suppose -g = 7*y - 527. Calculate the remainder when 174 is divided by y.
42
What is the remainder when -3 + (-95)/(-25) + 914025/125 is divided by 9?
5
What is the remainder when (48/7)/(13 - 7270/560) is divided by 98?
90
Let u = 244 + -242. Suppose -5*a + 12 = -2*c + 6*c, u*a = 5*c + 18. What is the remainder when 9 is divided by a?
1
Let y be -787 + (-1*1)/((-19)/(-76)). Let z be (y - -5)/(-6) + -2 + -1. Suppose -2*m = -z - 68. Calculate the remainder when m is divided by 9.
8
Suppose -c + 1 + 22 = 0. Let p = 549 - 211. Let j = p + -202. Calculate the remainder when j is divided by c.
21
Let g = 40 - -15. Suppose 5*k - 7*y + 3*y = 391, -5*y + 55 = k. Calculate the remainder when k is divided by g.
20
What is the remainder when 431 is divided by 160/6 - 124/(-372)?
26
Let i(z) = -263*z - 9740. What is the remainder when i(-38) is divided by 92?
70
Let i = 10 + 15. Let r be (-14)/4*2 + 11. Suppose -f = 2*p - 23, -r*f = p - 0*p + 6. What is the remainder when i is divided by p?
11
Let h(o) = o**3 + 29*o**2 + 42*o - 238. Calculate the remainder when 131 is divided by h(-27).
45
Let y = -100 + 102. Suppose -x + 18 = -y*d, 3*d + 13 = x - 0*x. Calculate the remainder when x is divided by 20.
8
Suppose u + 136 = 5*o, 6*o + 5*u - 104 = 3*o. Let d be (38/2)/((-7)/o). Let f = 90 + d. What is the remainder when f is divided by 5?
4
Let y(u) = -12*u + 16. Let q be y(8). Let r = q + 201. Let h = -106 + r. Calculate the remainder when 117 is divided by h.
12
Suppose 203*s - 7014 = 217*s. Let h = 517 + s. Calculate the remainder when 78 is divided by h.
14
Suppose 0 = -108*t + 114*t - 18. Suppose 106*o - 615 = 102*o - t*r, -r = 3. Calculate the remainder when o is divided by 42.
30
Let i(b) = -b**2 - 16*b + 23. Let l be i(-17). Suppose -5*a = -6*a + l. Calculate the remainder when 23 is divided by a.
5
Let j(i) = 7*i**2 - 5*i - 6. Let k be j(-4). Let g = -63 + k. Suppose 19*t = 16*t + g. What is the remainder when 82 is divided by t?
19
Calculate the remainder when 131 is divided by (3/9)/((-3)/(-36))*(-52)/(-8).
1
Suppose -2*f - 5 = -3*t - 3*f, 5 = -3*t + f. Suppose t = -11*s + 28*s - 306. What is the remainder when 213 is divided by s?
15
What is the remainder when (25186/539)/((-8)/(-44)) is divided by 13*-5*(1 + -2)?
62
Let z(o) = -9*o**3 - 9*o**2 - 17*o - 7. Calculate the remainder when 225 is divided by z(-2).
36
What is the remainder when 103 is divided by (-2448)/(-26) - 1/((-338)/(-52))?
9
Suppose 8*v - 4066 = -v - 10*v. Suppose -4*i + 90 = -138. Calculate the remainder when v is divided by i.
43
Suppose -3*k + 382 = 5*j - k, 3*j + k = 229. Suppose -23*y = -27*y - 3*s + 25, -20 = -5*y - 5*s. What is the remainder when j is divided by y?
11
Let f = -490 + 828. Calculate the remainder when f is divided by 44.
30
Let l = -80 + 103. Calculate the remainder when 295 is divided by l.
19
Suppose -3*n - 4*q + 37 = -24, 5*q = 20. Let d = -1618 + 1751. Calculate the remainder when d is divided by n.
13
Suppose -7*o = -11 - 3. What is the remainder when (-4362)/(-36)*3*o is divided by 91?
90
Let z(q) = -2*q**3 - 47*q**2 - 71*q - 1. Calculate the remainder when 541 is divided by z(-22).
105
Let a(g) = 26*g - 208. Let k be a(8). Suppose -47*n + 41*n + 228 = k. What is the remainder when n is divided by 8?
6
Suppose 2*w - 16 = 3*l, 0*w - 4*w + 30 = -5*l. Let f be 2*w/(-10) + 4. Suppose f*u = u + 2*x + 32, 3*u = -x + 40. What is the remainder when u is divided by 5?
4
Let r = 7477 - 6485. What is the remainder when r is divided by 35?
12
Calculate the remainder when 277 is divided by (0 - 1)/((-64)/6016).
89
Suppose -5*t = -o - 21, -3*o = -3*t - 0*o + 15. Suppose -j + 25 = t*j. Let f(w) = -36*w - 814. What is the remainder when f(-23) is divided by j?
4
Let t = -94 + 93. Let f(m) = 43*m**2 + 2*m + 2. What is the remainder when f(t) is divided by 8?
3
Let j = 11163 - 11142. What is the remainder when 552 is divided by j?
6
Let g(a) = 2*a + 51. Let r be g(-21). Suppose 0*b - r*b = -1269. Let s(k) = 49*k**2 - 1. What is the remainder when b is divided by s(-1)?
45
Suppose 76*r + 2907 + 6513 = 91*r. Calculate the remainder when 1257 is divided by r.
1
Let j = 85 - 79. What is the remainder when 40 is divided by (-2)/(j/(-21))*(8 + -5)?
19
Suppose -4*p - p + c = -25, -c + 3 = 2*p. Suppose u - 201 = -3*f + p*u, 5 = u. Let x = 108 - f. Calculate the remainder when x is divided by 13.
10
Let k be (-72)/16*2/(-3). Let f(t) = -22 - k*t + 19*t**2 - 18*t**2 + 3*t + 2*t. What is the remainder when 46 is divided by f(-7)?
7
Suppose -24*k + 100*k + 71291 = 294883. Calculate the remainder when k is divided by 9.
8
Suppose -3*c + 379 = 7*k, -4*c + 13*k - 18*k = -527. Calculate the remainder when 1652 is divided by c.
134
Suppose 17*j - 20*j + 714 = -3*z, 0 = -j + 3*z + 228. Calculate the remainder when j is divided by 7.
5
Suppose -u + 6 = 1172*s - 1173*s, -2*s = -5*u + 24. Calculate the remainder when 9045 is divided by u.
1
Let n(y) = -7*y**3 - y**2 - 3*y + 3. Let c be ((24/5)/(-2))/((-4)/(-110)). Let k = c + 64. Calculate the remainder when n(k) is divided by 8.
5
Suppose -128*o + 2816 + 16640 = 0. Calculate the remainder when o is divided by 55.
42
Let m(d) = 7*d**2 - 2*d - 1. Let b be m(-1). Let l(i) = -b + 2 + 5 + 12*i**2 + i. What is the remainder when 59 is divided by l(1)?
11
Let s = 118 - 103. Suppose 5*m + 72 = 30*z - 22*z, 0 = 5*z + 2*m - 45. What is the remainder when s is divided by z?
6
Suppose 69664 = 9*t + 47*t. What is the remainder when t is divided by 48?
44
Let y(j) = 2*j**3 - 26*j**2 + 33*j - 66. What is the remainder when 291 is divided by y(12)?
39
Let c = -283 - -266. Let q = c + 79. What is the remainder when q is divided by 12?
2
Let p(t) = -7*t**2 + t + 1. Let z be p(2). Calculate the remainder when (-39)/(z/10 + 2) is divided by (8/9)/(139/2502).
14
Let q = -158 + 341. Suppose 0*t + 5*b + q = 4*t, t - 2*b = 45. Let z(g) = g**2 - 11*g - 30. Calculate the remainder when t is divided by z(14).
11
Let d = 1373 + -1337. Let n(u) = -u**3 - 5*u**2 - 8*u - 13. Calculate the remainder when n(-6) is divided by d.
35
Let g(o) = -o**2 + o + 102. What is the remainder when 1675 is divided by g(9)?
25
Suppose -40*f - 6560 = -72*f. Calculate the remainder when f is divided by 49.
9
Let m(l) = l**3 + 15*l**2 + 22*l + 23. What is the remainder when m(-13) is divided by 1*31 - (1 - -2)?
19
Let j = 91 + -86. Suppose -15*b = -160 - j. What is the remainder when 174 is divided by b?
9
Let l(g) = -311*g**3 - g**2 + 99*g + 199. Calculate the remainder when l(-2) is divided by 131.
127
Let s be (-2 + 1)/(3/(-249)). Let b = s - -3. Suppose 10*y + b = 12*y. Calculate the remainder when 171 is divided by y.
42
Let x = 3 + 2. Suppose -x*v - 60 = 30. What is the remainder when (17/(-3))/(v/216) is divided by 14?
12
Let i = -23 - -24. Let v(d) = -d**3 + 6*d**2 - 4*d - 5. Calculate the remainder when v(4) is divided by (-12)/14*-7 + i.
4
Suppose -20*p = -62*p + 6930. Calculate the remainder when 780 is divided by p.
120
Let u(c) = 2*c**3 - 11*c**2 + 3*c - 27. Let w be u(8). Let p = w - 297. What is the remainder when 178 is divided by p?
18
Suppose -3*v + 3*k = -k - 49, -4*v + 58 = 2*k. Let h(l) = l**2 - 16*l + 12. Let d be h(v). Let o = 11 - d. What is the remainder when o is divided by 8?
6
Suppose 0 = -4*y - 218 + 366. Suppose 17*b = -y*b + 864. Let x = 13 - 8. What is the